{"id":41,"date":"2020-10-25T23:30:59","date_gmt":"2020-10-25T23:30:59","guid":{"rendered":"https:\/\/www.tescapitalsas.com\/?page_id=41"},"modified":"2022-04-06T23:34:01","modified_gmt":"2022-04-06T23:34:01","slug":"quienes-somos","status":"publish","type":"page","link":"https:\/\/www.tescapitalsas.com\/index.php\/quienes-somos\/","title":{"rendered":"Quienes somos?"},"content":{"rendered":"\t\t<div data-elementor-type=\"wp-page\" data-elementor-id=\"41\" class=\"elementor elementor-41\" data-elementor-post-type=\"page\">\n\t\t\t\t\t\t<section class=\"elementor-section elementor-top-section elementor-element elementor-element-2b1c7ba9 elementor-section-content-middle elementor-section-boxed elementor-section-height-default elementor-section-height-default\" data-id=\"2b1c7ba9\" data-element_type=\"section\" data-e-type=\"section\">\n\t\t\t\t\t\t<div class=\"elementor-container elementor-column-gap-no\">\n\t\t\t\t\t<div class=\"elementor-column elementor-col-100 elementor-top-column elementor-element elementor-element-45081652\" data-id=\"45081652\" data-element_type=\"column\" data-e-type=\"column\">\n\t\t\t<div class=\"elementor-widget-wrap elementor-element-populated\">\n\t\t\t\t\t\t<div class=\"elementor-element elementor-element-5608e2bb elementor-widget elementor-widget-image\" data-id=\"5608e2bb\" data-element_type=\"widget\" data-e-type=\"widget\" data-widget_type=\"image.default\">\n\t\t\t\t<div class=\"elementor-widget-container\">\n\t\t\t\t\t\t\t\t\t\t\t\t\t\t\t<img fetchpriority=\"high\" decoding=\"async\" width=\"2560\" height=\"1708\" src=\"https:\/\/www.tescapitalsas.com\/wp-content\/uploads\/2022\/04\/pexels-thisisengineering-3912477-scaled.jpg\" class=\"attachment-full size-full wp-image-17373\" alt=\"\" srcset=\"https:\/\/www.tescapitalsas.com\/wp-content\/uploads\/2022\/04\/pexels-thisisengineering-3912477-scaled.jpg 2560w, https:\/\/www.tescapitalsas.com\/wp-content\/uploads\/2022\/04\/pexels-thisisengineering-3912477-300x200.jpg 300w, https:\/\/www.tescapitalsas.com\/wp-content\/uploads\/2022\/04\/pexels-thisisengineering-3912477-1024x683.jpg 1024w, https:\/\/www.tescapitalsas.com\/wp-content\/uploads\/2022\/04\/pexels-thisisengineering-3912477-768x512.jpg 768w, https:\/\/www.tescapitalsas.com\/wp-content\/uploads\/2022\/04\/pexels-thisisengineering-3912477-1536x1025.jpg 1536w, https:\/\/www.tescapitalsas.com\/wp-content\/uploads\/2022\/04\/pexels-thisisengineering-3912477-2048x1366.jpg 2048w, https:\/\/www.tescapitalsas.com\/wp-content\/uploads\/2022\/04\/pexels-thisisengineering-3912477-416x277.jpg 416w\" sizes=\"(max-width: 2560px) 100vw, 2560px\" \/>\t\t\t\t\t\t\t\t\t\t\t\t\t\t\t<\/div>\n\t\t\t\t<\/div>\n\t\t\t\t<div class=\"elementor-element elementor-element-595cf79 elementor-widget elementor-widget-heading\" data-id=\"595cf79\" data-element_type=\"widget\" data-e-type=\"widget\" data-widget_type=\"heading.default\">\n\t\t\t\t<div class=\"elementor-widget-container\">\n\t\t\t\t\t<h3 class=\"elementor-heading-title elementor-size-default\">Acerca de Tes Capital<\/h3>\t\t\t\t<\/div>\n\t\t\t\t<\/div>\n\t\t\t\t<div class=\"elementor-element elementor-element-400bbd85 elementor-widget elementor-widget-text-editor\" data-id=\"400bbd85\" data-element_type=\"widget\" data-e-type=\"widget\" data-widget_type=\"text-editor.default\">\n\t\t\t\t<div class=\"elementor-widget-container\">\n\t\t\t\t\t\t\t\t\t<p>TES CAPITAL S.A.S es una empresa enfocada en brindar soluciones inform\u00e1ticas, con tecnolog\u00eda especializada y suministros, integrada por profesionales de ingenier\u00eda. Con m\u00e1s de 10 a\u00f1os de experiencia, cuenta con \u00e1reas especializadas, con el prop\u00f3sito de proveer apoyo al crecimiento de su empresa.<br \/>Soportada con los \u00faltimos avances en tecnolog\u00edas de la Informaci\u00f3n, con el fin de satisfacer las necesidades de todos nuestros clientes, conformada por equipos humanos calificados.<br \/>M\u00e1s all\u00e1 de ofrecer un servicio es el compromiso continuo en la b\u00fasqueda constante de soluciones con calidad y responsabilidad.<br \/>Contribuyendo de esta manera en la competitividad de su empresa y a bajo costo con buenas soluciones.<\/p>\t\t\t\t\t\t\t\t<\/div>\n\t\t\t\t<\/div>\n\t\t\t\t\t<\/div>\n\t\t<\/div>\n\t\t\t\t\t<\/div>\n\t\t<\/section>\n\t\t\t\t<\/div>\n\t\t","protected":false},"excerpt":{"rendered":"<p>Acerca de Tes Capital TES CAPITAL S.A.S es una empresa enfocada en brindar soluciones inform\u00e1ticas, con tecnolog\u00eda especializada y suministros, integrada por profesionales de ingenier\u00eda. Con m\u00e1s de 10 a\u00f1os de experiencia, cuenta con \u00e1reas especializadas, con el prop\u00f3sito de proveer apoyo al crecimiento de su empresa. Soportada con los \u00faltimos avances en tecnolog\u00edas de [&hellip;]<\/p>\n","protected":false},"author":1,"featured_media":0,"parent":0,"menu_order":0,"comment_status":"closed","ping_status":"closed","template":"","meta":{"_joinchat":[],"footnotes":""},"class_list":["post-41","page","type-page","status-publish","hentry"],"_links":{"self":[{"href":"https:\/\/www.tescapitalsas.com\/index.php\/wp-json\/wp\/v2\/pages\/41","targetHints":{"allow":["GET"]}}],"collection":[{"href":"https:\/\/www.tescapitalsas.com\/index.php\/wp-json\/wp\/v2\/pages"}],"about":[{"href":"https:\/\/www.tescapitalsas.com\/index.php\/wp-json\/wp\/v2\/types\/page"}],"author":[{"embeddable":true,"href":"https:\/\/www.tescapitalsas.com\/index.php\/wp-json\/wp\/v2\/users\/1"}],"replies":[{"embeddable":true,"href":"https:\/\/www.tescapitalsas.com\/index.php\/wp-json\/wp\/v2\/comments?post=41"}],"version-history":[{"count":8,"href":"https:\/\/www.tescapitalsas.com\/index.php\/wp-json\/wp\/v2\/pages\/41\/revisions"}],"predecessor-version":[{"id":17380,"href":"https:\/\/www.tescapitalsas.com\/index.php\/wp-json\/wp\/v2\/pages\/41\/revisions\/17380"}],"wp:attachment":[{"href":"https:\/\/www.tescapitalsas.com\/index.php\/wp-json\/wp\/v2\/media?parent=41"}],"curies":[{"name":"wp","href":"https:\/\/api.w.org\/{rel}","templated":true}]}}